{"id":3248,"date":"2023-06-22T16:08:16","date_gmt":"2023-06-22T12:08:16","guid":{"rendered":"https:\/\/www.optimumsemper.ee\/rus\/?page_id=3248"},"modified":"2023-08-27T14:53:38","modified_gmt":"2023-08-27T10:53:38","slug":"daria-dmitrijeva","status":"publish","type":"page","link":"https:\/\/www.optimumsemper.ee\/rus\/daria-dmitrijeva\/","title":{"rendered":"Daria Dmitrijeva"},"content":{"rendered":"<p><img loading=\"lazy\" decoding=\"async\" class=\"alignleft size-full wp-image-3249\" src=\"https:\/\/www.optimumsemper.ee\/rus\/wp-content\/uploads\/sites\/2\/2023\/06\/darina.jpg\" alt=\"\" width=\"275\" height=\"183\" \/>President Alar Karis andis 20. jaanuaril Tallinna botaanikaaias \u00fcle kodaniku\u00fchiskonna 2022. aasta tegijate ja aasta vabatahtlike tunnustused. Aasta vabatahtliku tunnustust teiste seas v\u00e4\u00e4ris ka meie noor \u00f5petaja Daria Dmitrijeva. Noorteinfoportaalis Teeviit kirjutab ja toimetab ta artikleid, lisaks on ajalehe \u201cNoorte Ekspress\u201c peatoimetaja. Daria on olnud ka Lastekaitse Liidu noortekogu vabav\u00f5rgustiku liige ning aktiivne Narva-J\u00f5esuu noortevolikogu liige ja multimeediaspetsialist.<\/p>\n<p>Aastal 2022 Daria osales noorte loovkonkursil \u201eMeie \u00fchine tulevik Eestis\u201c, mille eesm\u00e4rk oli looma erinevates formaatides sisu, mis r\u00e4\u00e4gib noorte Eesti tuleviku visioonist ja Eesti \u00fchiskonna sidususest, pakkudes lahendusi, mis aitavad Eesti \u00fchiskonda \u00fchendada. Darina t\u00f6\u00f6 &#171;Millist Eestit me siis tahame?&#187; oli kolme parima t\u00f6\u00f6 seas &#8212; konkursi v\u00f5idut\u00f6\u00f6. Samal aastal oli ta novembrikuu &#171;Noorte Ekspressi&#187; peatoimetaja.<br \/>\nDaria on Tallinna \u00dclikooli tudeng, kellel on 3-aastane eesti keele \u00f5petamise kogemus nii individuaal\u00f5ppe kui ka grupi\u00f5ppe vormis.<\/p>\n<p>Daria on meie meeskonnas septembrist 2022 ja on asendamatu, tema positiivne suhtumine motiveerib nii noori kui ka \u00f5petajaid. Ta on elav, aktiivne ja avara silmaringiga \u00f5petaja, kes muudab \u00f5ppimise toredamaks. Teda innustavad v\u00e4ljakutsed ja \u00f5pilaste \u00f5nnestumised, olgu need suured v\u00f5i v\u00e4ikesed.<\/p>\n","protected":false},"excerpt":{"rendered":"<p>President Alar Karis andis 20. jaanuaril Tallinna botaanikaaias \u00fcle kodaniku\u00fchiskonna 2022. aasta tegijate ja aasta vabatahtlike tunnustused. Aasta vabatahtliku tunnustust teiste seas v\u00e4\u00e4ris ka meie noor \u00f5petaja Daria Dmitrijeva. Noorteinfoportaalis Teeviit kirjutab ja toimetab ta artikleid, lisaks on ajalehe \u201cNoorte Ekspress\u201c peatoimetaja. Daria on olnud ka Lastekaitse Liidu noortekogu vabav\u00f5rgustiku liige ning aktiivne Narva-J\u00f5esuu noortevolikogu [&hellip;]<\/p>\n","protected":false},"author":1,"featured_media":0,"parent":0,"menu_order":0,"comment_status":"closed","ping_status":"closed","template":"","meta":{"footnotes":""},"class_list":["post-3248","page","type-page","status-publish","hentry"],"_links":{"self":[{"href":"https:\/\/www.optimumsemper.ee\/rus\/wp-json\/wp\/v2\/pages\/3248","targetHints":{"allow":["GET"]}}],"collection":[{"href":"https:\/\/www.optimumsemper.ee\/rus\/wp-json\/wp\/v2\/pages"}],"about":[{"href":"https:\/\/www.optimumsemper.ee\/rus\/wp-json\/wp\/v2\/types\/page"}],"author":[{"embeddable":true,"href":"https:\/\/www.optimumsemper.ee\/rus\/wp-json\/wp\/v2\/users\/1"}],"replies":[{"embeddable":true,"href":"https:\/\/www.optimumsemper.ee\/rus\/wp-json\/wp\/v2\/comments?post=3248"}],"version-history":[{"count":5,"href":"https:\/\/www.optimumsemper.ee\/rus\/wp-json\/wp\/v2\/pages\/3248\/revisions"}],"predecessor-version":[{"id":3302,"href":"https:\/\/www.optimumsemper.ee\/rus\/wp-json\/wp\/v2\/pages\/3248\/revisions\/3302"}],"wp:attachment":[{"href":"https:\/\/www.optimumsemper.ee\/rus\/wp-json\/wp\/v2\/media?parent=3248"}],"curies":[{"name":"wp","href":"https:\/\/api.w.org\/{rel}","templated":true}]}}