{"id":3461,"date":"2025-08-29T13:21:53","date_gmt":"2025-08-29T09:21:53","guid":{"rendered":"https:\/\/www.optimumsemper.ee\/rus\/?page_id=3461"},"modified":"2025-08-29T13:21:53","modified_gmt":"2025-08-29T09:21:53","slug":"anneli-parn","status":"publish","type":"page","link":"https:\/\/www.optimumsemper.ee\/rus\/anneli-parn\/","title":{"rendered":"Anneli P\u00e4rn"},"content":{"rendered":"<p>Leian lastega kiiresti \u00fchise keele. Seltskondades olen alati laste lemmik. Kuna minu ema oli ka eesti keele ja kirjanduse \u00f5petaja, kinnistus mul lapsest peale korrektne eesti keel nii k\u00f5nes kui kirjas. Olen \u00f5petanud eesti keelt nii eesti koolides kui ka vene koolides. Ilma eesti keele oskuseta on raske elus hakkama saada ning karj\u00e4\u00e4ri teha. Eestis elades me peame eesi keelt oskama ja julgelt kasutama. Kui keele \u00f5ppimisse j\u00e4\u00e4vad suured l\u00fcngad, on raske selles keeles suhelda ja g\u00fcmnaasiumis ning \u00fclikoolis \u00f5ppida. Keelt tuleb praktiseerida. Tere tulemast minu praktilistesse tundidesse! Koos saame eesti keele selgeks!<\/p>\n<p>&nbsp;<\/p>\n","protected":false},"excerpt":{"rendered":"<p>Leian lastega kiiresti \u00fchise keele. Seltskondades olen alati laste lemmik. Kuna minu ema oli ka eesti keele ja kirjanduse \u00f5petaja, kinnistus mul lapsest peale korrektne eesti keel nii k\u00f5nes kui kirjas. Olen \u00f5petanud eesti keelt nii eesti koolides kui ka vene koolides. Ilma eesti keele oskuseta on raske elus hakkama saada ning karj\u00e4\u00e4ri teha. Eestis [&hellip;]<\/p>\n","protected":false},"author":1,"featured_media":0,"parent":0,"menu_order":0,"comment_status":"closed","ping_status":"closed","template":"","meta":{"footnotes":""},"class_list":["post-3461","page","type-page","status-publish","hentry"],"_links":{"self":[{"href":"https:\/\/www.optimumsemper.ee\/rus\/wp-json\/wp\/v2\/pages\/3461","targetHints":{"allow":["GET"]}}],"collection":[{"href":"https:\/\/www.optimumsemper.ee\/rus\/wp-json\/wp\/v2\/pages"}],"about":[{"href":"https:\/\/www.optimumsemper.ee\/rus\/wp-json\/wp\/v2\/types\/page"}],"author":[{"embeddable":true,"href":"https:\/\/www.optimumsemper.ee\/rus\/wp-json\/wp\/v2\/users\/1"}],"replies":[{"embeddable":true,"href":"https:\/\/www.optimumsemper.ee\/rus\/wp-json\/wp\/v2\/comments?post=3461"}],"version-history":[{"count":1,"href":"https:\/\/www.optimumsemper.ee\/rus\/wp-json\/wp\/v2\/pages\/3461\/revisions"}],"predecessor-version":[{"id":3462,"href":"https:\/\/www.optimumsemper.ee\/rus\/wp-json\/wp\/v2\/pages\/3461\/revisions\/3462"}],"wp:attachment":[{"href":"https:\/\/www.optimumsemper.ee\/rus\/wp-json\/wp\/v2\/media?parent=3461"}],"curies":[{"name":"wp","href":"https:\/\/api.w.org\/{rel}","templated":true}]}}